*2. Determine b(0).
8
Suppose -7*w = 4*w - 55. Let t(q) = -7 - 6*q + q**2 + 2*q + 0*q**2. Give t(w).
-2
Let f(w) = -59*w + 2 - 63*w + 129*w. Calculate f(-2).
-12
Let l(g) = g**2 - 7*g + 1. Let k be l(6). Suppose 4*a + 4*s - 28 = -0*s, -3*s + 13 = -a. Let p(i) = 0*i + i + 1 + a. Calculate p(k).
-2
Let a(k) = 6*k**2 - 4. Let m(d) be the first derivative of -d**3/3 + d + 3. Let t(l) = -a(l) - 5*m(l). Let n(w) be the first derivative of t(w). Determine n(1).
-2
Let p(k) = -4*k**3 - 3*k**2 + k + 1. Let g(r) = r**2 + 3*r + 2. Let n be g(-4). Let i(t) = 5*t**3 + 4*t**2 - 2*t - 1. Let f(h) = n*p(h) + 5*i(h). Give f(-3).
4
Let r(h) = -49*h**2 + 97*h**2 - 51*h**2 - h**3 + 5 + 7*h. What is r(-4)?
-7
Let k(z) = -8 + 2 - 5 - 3*z + 3. Give k(-6).
10
Let r(w) = w**2 - 13*w - 19. Let m be r(14). Let g(t) = -t**3 - 4*t**2 + 5*t. What is g(m)?
0
Let q be 2/9 - (-395)/45. Let r(p) = -p**2 + 9*p + 5. Determine r(q).
5
Suppose -4 = -2*o + 2. Let d(x) = x - 1. Determine d(o).
2
Let y = 3 - -3. Let j(l) = -l + 3. Give j(y).
-3
Let h(n) = -7*n**2 - n**2 - n**3 + n**2 - 6*n + 2*n + 3. Suppose b - 2 = -8. Give h(b).
-9
Let c(q) = -4*q - 11. Let b(n) = -7*n - 21. Let x(v) = -3*b(v) + 5*c(v). Give x(0).
8
Let d be (1 - 7) + (1 - -1). Let h(x) = -x**3 - 3*x**2 + 5*x + 1. Calculate h(d).
-3
Suppose -16 = -3*n - n. Let c(i) = 0 - 2*i**2 + 0 + 7*i - n. Let d(s) = 5*s**3 - 2*s**2 + 2*s - 1. Let p be d(1). What is c(p)?
-8
Let r(p) = -p**2 - 2*p - 1. Let d be r(-3). Let o(y) = -2*y - 4. Let t(i) = i + 3. Let g(v) = -2*o(v) - 3*t(v). Determine g(d).
-5
Let r = 17 + 11. Let w(k) be the first derivative of -r*k + 1 + k**2 + 28*k. What is w(-1)?
-2
Let n(p) = -2*p + 7. Let o = -9 + 15. Give n(o).
-5
Let o be (8/(-4) - -5) + -2. Let t(j) = 3*j**3 - j. Determine t(o).
2
Let a(n) be the third derivative of -n**6/120 + 2*n**5/15 - n**4/4 - n**3/6 + n**2 + 17*n. Let r be 9 + 2/((-1)/1). What is a(r)?
6
Let x(k) = 10*k - 2 + 3 + 4*k + 0. What is x(-1)?
-13
Let i(d) = d - 2. Let f be i(4). Let m(o) = -o**3 - 5*o**2 + 6*o + 1. Let p be m(-6). Suppose f - p = z. Let n(s) = -s**3 + s**2 - 2*s + 1. What is n(z)?
-1
Suppose x = 2*b - 6, -30 = 8*x - 3*x + 5*b. Let y(q) = q - 1. Determine y(x).
-7
Let r = -16 + 11. Let j(h) be the second derivative of 2*h + 1/6*h**3 + 3*h**2 + 0. What is j(r)?
1
Let g(j) = -j**2 + 2. Suppose -9 + 3 = -2*b. Suppose 3*k = m - 17, -b*m = k + 3 - 4. Determine g(m).
-2
Let s(o) be the second derivative of -4/3*o**3 + 0 + 7/12*o**4 + 3*o + 2*o**2. Let i(f) = 6*f**2 - 7*f + 3. Let x(n) = -6*i(n) + 5*s(n). Give x(3).
-1
Suppose 2*j - 2*y - 11 = 7*j, -y - 1 = j. Let q = -3 - j. Suppose q = -5*u + 2 + 13. Let x(v) = v**2 - 3*v + 1. Give x(u).
1
Suppose 6*h + 5 = 5*h. Let b(n) = -n - 5. What is b(h)?
0
Let k(d) be the first derivative of -7*d**4/2 + d + 15. Calculate k(-1).
15
Let y(l) = -l**2 - 2*l**3 + 2 + 0*l**3 - 1. Let w = 2 - 1. Let r be y(w). Let h(t) = t**3 - 2*t - 2. Give h(r).
-6
Let h(x) = -x - 1. Let z = 4 - 2. Suppose 5*s - 4*r = -29, -3*r - 2*r + 15 = -z*s. Let v be 3/(-2)*(3 + s). What is h(v)?
-4
Let h(v) = 2*v**2 - 13*v - 29. Let m(s) = s**2 - 6*s - 14. Let g(o) = 6*h(o) - 13*m(o). Let k(t) be the first derivative of g(t). Calculate k(1).
-2
Let t(p) = 3 + p - 10*p**3 - 7*p**3 + 5*p**2 + 16*p**3 - p**2. Determine t(5).
-17
Suppose v + 2 = l, -v + 5 = l - 1. Suppose 4*q - l*u = -24, 0 = -5*q + u + 3*u - 29. Let b(d) = d - 8. Let w(a) = -1. Let g(y) = -b(y) + 6*w(y). Calculate g(q).
7
Let z(h) = -2*h + 2 + h**2 - 2*h + 11*h. Give z(-7).
2
Let d(l) be the second derivative of l**7/840 + l**6/180 - l**5/120 + l**4/8 + l**3/2 - 3*l. Let n(a) be the second derivative of d(a). What is n(-3)?
-3
Let l(d) be the third derivative of d**5/30 - d**4/6 + d**3/3 - d**2. Suppose 0 = 9*b + 3*b - 24. Give l(b).
2
Let s be (1/(-1))/(1/(-3)). Suppose 34 = 3*t - 5*j, s*t + 5*j = -t - 13. Suppose -t*z - 7 = -4. Let i(p) = 9*p**2 - p - 1. Give i(z).
9
Let w(x) = 7*x**2 - 5*x - 16. Let s(t) = 3*t**2 - 3*t - 8. Let q(f) = 9*s(f) - 4*w(f). What is q(-6)?
-2
Let a be ((-12)/(-10))/(18/60). Let n(s) = -a - 4*s**2 + 0*s**2 - 3 + 4*s**3 - 5*s**3 + 5*s. Let b be ((-5)/(-3))/(2/(-6)). Calculate n(b).
-7
Let m(s) = -s**3 + 8*s**2 - 7*s - 10. Suppose 2*l = -7*l + 63. Determine m(l).
-10
Let z(h) be the third derivative of -h**4/24 + h**3/3 + h**2. Suppose -5*b + 0*b = -15. Give z(b).
-1
Suppose -q = -0*q. Let x = q - -2. Let y(m) = 3 + m**3 + m**x + 2*m**2 - 2*m + 2. What is y(-4)?
-3
Let x(i) = -5*i + 4. Let v(r) = -14*r + 11. Let j(m) = 3*v(m) - 8*x(m). Calculate j(-1).
3
Let x be ((-2)/7)/(((-1)/(-14))/(-1)). Let f(u) = 2*u - 3. Calculate f(x).
5
Let h be (-1)/4 + 1/3. Let l(z) be the second derivative of 0 - 1/6*z**3 + z**2 - 2*z - h*z**4. Give l(-3).
-4
Let l(y) = -y**3 + y + 4. Let s(g) = 4*g**3 - 3 + 3*g - 3*g**3 - 4*g. Let a(d) = 3*l(d) + 4*s(d). What is a(-2)?
-6
Let k(i) = 5*i**2 + 2*i - 5. Let r(p) = -p**2 + p. Let u(x) = k(x) + 4*r(x). Let b = -41 + 75. Suppose 0 = -h - 4*n - 26, -4*h - 2*n + 0 = b. Calculate u(h).
-5
Suppose 0 = 5*h + 2*x - 37, -11 = -h - h + 3*x. Let d(w) = -w**2 + 7*w + 1. What is d(h)?
1
Let x = 6 + -4. Let z(b) = 2*b**2 - 2*b - 2. Let c be z(x). Let q(y) = -2*y**3 + 2*y**2 + 3*y - 2. Determine q(c).
-4
Let n be 3/1 + (-6)/(-2). Let i(q) = 4 + 7*q - 1 - n*q - 7. What is i(4)?
0
Let w(o) = 4*o**3 - 2*o**2 - o. Let k be w(-1). Let b(g) = 3*g + 3. Let q(c) = 5*c + 4. Let x(u) = k*q(u) + 8*b(u). Give x(5).
-1
Let w(q) = -q**2 + 7*q - 7. Let l be w(5). Let a(n) = l*n + 5*n - 2*n - 7 - 3*n. What is a(5)?
8
Let v(q) be the third derivative of q**6/120 - q**5/15 + q**4/12 - q**3/2 + 17*q**2. Give v(3).
-6
Let z = 9 - 5. Let a be -3 + z + 2 + 0. Suppose 0 = -0*p - a*p, -j - 5*p - 1 = 0. Let s(b) = b**3 + b. Give s(j).
-2
Let m(r) = 2*r - 4. Let q be ((-5)/10 - 1)*2/(-1). Determine m(q).
2
Let x(q) = -q**3 + 2*q**2 - q + 1. Let n = -5 - -7. Give x(n).
-1
Let d(h) = 2*h - 1. Let n(i) = i**2 - 2*i + 8. Let c be n(7). Suppose -4*x + 2 = -3*x + 2*a, -5*x + a = -c. Suppose 3*u + 15 = x*u. What is d(u)?
5
Let u(s) = -2*s**2 - 2*s. Let f(v) be the second derivative of -v**3/6 + 5*v**2/2 + v. Let p be f(7). What is u(p)?
-4
Let x(v) = -1 + 3*v**3 - 7*v - 4*v**2 - 4*v**3 + 10*v. What is x(-5)?
9
Let n(a) = 7*a - 1. Suppose 0 = r - 4 + 5. Suppose -l = -6*l - 2*y + 15, 9 = -l + 2*y. Let h be 1*(l + 1 + r). Give n(h).
6
Let t(i) = 5*i**2 + 8. Let o(a) = 9*a**2 + 16. Let x(s) = -6*o(s) + 11*t(s). Determine x(0).
-8
Let c(l) be the third derivative of -l**8/6720 - l**6/720 - l**5/20 + l**4/8 - 2*l**2. Let x(z) be the second derivative of c(z). Determine x(0).
-6
Let b(l) = 7. Let p(f) = -f + 2. Let d(q) = -b(q) - p(q). Determine d(9).
0
Let l be (-1 + -3)/(1*-2). Suppose l*x + 2 = 10. Let c(h) = 1 - x + 4*h**2 + h + 3. Calculate c(1).
5
Let x(t) be the third derivative of t**6/120 + t**5/15 + t**4/12 + t**3/2 + t**2. Suppose 7*j = 4*j + 9. Let r = 0 - j. Give x(r).
6
Let z(v) = -2*v + 18. Let t be ((-4)/7 - 36/84) + 10. Give z(t).
0
Let n = 55 - 60. Let o(u) = u + 5. What is o(n)?
0
Let w(n) = n**3 + 6*n**2 + 6*n - 5. Let d(m) = -m**3 + 7*m**2 - 12*m + 5. Let j be d(5). Calculate w(j).
-10
Let i be (6/8)/(126/336). Let x(j) be the first derivative of j**2 - 3*j + 1. Calculate x(i).
1
Suppose 0*l + 6 = 3*l. Let i(b) = -5*b + b**l + 0*b**2 - 4 - b. Calculate i(7).
3
Let n(m) = m**2 + m. Let o be (1 - 0)*(-4)/(-2). Suppose 6 = -o*v - 0. Calculate n(v).
6
Let l = 7 - 4. Let j(w) be the second derivative of -5/6*w**l + 3/2*w**2 + 5/12*w**4 + 0 - 1/20*w**5 - w. Determine j(3).
6
Suppose 0 + 6 = -i. Let r(c) = c + 6. Let t(f) = f - 1. Let u(o) = r(o) - 2*t(o). What is u(i)?
14
Let a(h) = h + 1. Let d(f) = -6*f - 3. Let v(r) = -5*a(r) - d(r). Give v(3).
1
Let m(z) = -z**2 - 3*z - 1. Let y(p) be the third derivative of -p**5/30 + 7*p**4/24 + p**3/3 + 6*p**2. Let a be y(4). What is m(a)?
1
Let t be -2 - 5/(20/(-16)). Let q(y) = -2*y**2 + 2*y + 1. Determine q(t).
-3
Let v be 0/2 + 0/3. Suppose p + v*p + 3 = 0. Let j(g) = -g**2 + 2*g + 3. Determine j(p).
-12
Let a(y) = y - 5. Let p be a(6). Let k(g) = p - 1 + g + 5. What is k(-5)?
0
Let x(o) = o**3 - o**2 - 3*o - 1. Let z(s) = -6*s + 8. Let m(r) = -5*r + 7. Let l(k) = 5*m(k) - 4*z(k). Let y be l(5). Calculate x(y).
-7
Let w = -6 - -3. 